+ 34. Let n(u) = 2*h(u) + 5*w(u). What is n(15)?
2
Let w = 4 + -57. Let x = 58 + w. Suppose -8 = 4*i, x*q - 3*i = 45 + 1. Let a(m) = m - 3. Give a(q).
5
Let k = 132 + 25. Let c = k + -164. Let n(z) be the third derivative of z**4/24 + 5*z**3/6 + z**2. Calculate n(c).
-2
Let q(b) be the first derivative of b**3/3 - 3*b**2 - 9*b + 1. Suppose 0 = -2*u + 33 - 23. Suppose 0 = -g - 11*i + 14*i + 20, 4*g + u*i = 12. Give q(g).
7
Let o(t) = 30 + 26 + 6*t + 20 - 28 + 2*t. Calculate o(-14).
-64
Suppose -5*l = -5*g + 10, 5*l + 8*g - 2 = 9*g. Let k(m) = 16*m**3 + 4*m - 3. Let d be k(l). Let b(w) = -w**2 + 16*w + 12. Determine b(d).
-5
Suppose 0 = z - 3*g - 427, -2*g - 630 - 212 = -2*z. Let q(o) = -411 + 5*o + z - 10*o. What is q(5)?
-18
Let j(m) be the first derivative of m**4/4 - 7*m**2 - 2*m - 2203. Calculate j(-5).
-57
Let d(a) be the second derivative of -a**5/20 - 11*a**4/12 + 8*a**3/3 + 171*a**2/2 + 6150*a. What is d(-11)?
-5
Suppose -10*p = -6*p - 3*y - 18, -p + y = -5. Let s(u) = u**2 + 55*u + p - 28*u - 21*u. Determine s(-3).
-6
Let i(z) = 441430*z + 9 - z**2 - 882873*z + 441436*z. Let a be (-162)/21 - 4/14. Determine i(a).
1
Suppose 0 = -415*f + 438*f + 47 + 45. Let h(q) = -7*q - q + 2*q - 5. Determine h(f).
19
Let l(t) = -t**2 - 4*t + 7. Let j be (0 - 1/(-6)) + (-2867)/282. Let k(b) = b**2 + 9*b - 14. Let u be k(j). Determine l(u).
7
Suppose 2215 = -166*r - 3595. Let f(i) = i**3 + 36*i**2 + 36*i + 33. What is f(r)?
-2
Let b(x) be the second derivative of 2*x**2 + 0 - 1/6*x**4 + 1/20*x**5 - 1/6*x**3 + 29*x. Calculate b(3).
10
Let x(a) be the first derivative of a**7/840 + a**6/60 + a**5/120 - a**4/8 + a**3/3 + 4*a**2 + 35. Let f(u) be the third derivative of x(u). What is f(-6)?
-9
Let d(n) = -n**2 - 4*n - 38 + 72 - 31. Let h(c) = c**3 - 7*c**2 + 9*c + 1. Let o be h(5). Calculate d(o).
3
Let l(y) = y**2 - 13*y - 16. Let h = 1642 - 1628. What is l(h)?
-2
Let r(f) = 11*f**2 - 84*f + 100. Let j(o) = 8*o**2 - 57*o + 67. Let b(n) = 7*j(n) - 5*r(n). What is b(-23)?
15
Suppose -5*t + 2*t = -42. Suppose 2*k + 8 = 2*n, 6*n - k - t = 3*n. Suppose 3*l - o = l - 3, -4*l = -n*o - 9. Let a(z) = z**3 + 4*z**2 + 3*z - 4. What is a(l)?
-16
Suppose -3*r - 3*d + 21 = 0, -34*r = -39*r + 4*d + 44. Let o(q) be the second derivative of -q**4/12 + 7*q**3/6 + 5*q**2/2 + 9*q. Give o(r).
-3
Suppose 0 = -3*s + c - 2*c - 5, 0 = -5*s - 3*c - 15. Suppose s = 3*n - 3, -o - 14*n + 11*n + 9 = 0. Let h(x) = x**3 - 6*x**2 - 2*x. Give h(o).
-12
Let j(r) = r**2 + 5*r - 1. Suppose 82 = 6*g + 862. Let a = g - -125. What is j(a)?
-1
Let y(h) = 14*h + 37. Let u(j) = -3*j - 7. Let a(z) = -3*u(z) - y(z). Determine a(-5).
9
Suppose 32*n - 13*n = 95. Suppose 0 = -0*d + 2*d - 10, 0 = n*s + 4*d - 40. Let w(h) = -h**2 + h + 4. What is w(s)?
-8
Let x(w) = 212*w + 1091. Let l be x(-5). Let p(y) = -y**2 + 35*y - 104. Calculate p(l).
20
Let p = 307 - 306. Let h be 2 - 4 - 15*p/(-3). Let c(a) = 2*a + 7. Determine c(h).
13
Let m(a) be the second derivative of a**5/10 + 23*a**4/6 - a**3/6 - 5*a**2/2 - 107*a - 1. Calculate m(-23).
18
Let o(y) = y**3 + 3*y**2 - 16*y + 8. Let q be o(-6). Let z be ((-28)/2)/(-3 + 1). Let r(v) = v. Let h(g) = 3*g - 1. Let l(i) = z*r(i) - 3*h(i). What is l(q)?
11
Let k(i) be the first derivative of i**4/12 - 7*i**3/3 + 7*i**2/2 - 240*i - 90. Let l(c) be the first derivative of k(c). Determine l(13).
-6
Suppose -d = -4, -9*d = 2*a - 6*d - 100. Let z = -48 + a. Let o(r) = -r**2 - 3*r - 1. Calculate o(z).
-5
Let k = -12 + 14. Let r(g) = 4 + 0*g - 10*g + 7*g - g**2. Let a(p) = p**2 + 2*p - 3. Let i(y) = -4*a(y) - 3*r(y). Calculate i(k).
-2
Let d(q) be the third derivative of 5*q**4/12 - 5*q**3/6 + 569*q**2. Determine d(1).
5
Let f(u) be the first derivative of u**4/4 + 4*u**3 - 11*u**2/2 - 61*u + 8896. Give f(-12).
71
Let w be 984/136 - 232/986. Let m(i) be the third derivative of -i**6/120 + 2*i**5/15 - i**4/4 + 7*i**3/6 - 2*i**2. Determine m(w).
14
Let q be (35/63 + -1)*-9. Let j be ((-117)/(-78))/((-3)/q). Let n(c) = 8*c**3 + 2*c**2 - 2*c - 2. Give n(j).
-54
Suppose -3*j = -35*j - 2*j - 1462. Let r(u) = u**3 + 43*u**2 + 5*u + 199. Give r(j).
-16
Let s = -237 - -239. Suppose -4*c - 16 + 28 = -5*p, -s = -2*p + 5*c. Let u(y) = -2*y**2 - 5*y + 1. What is u(p)?
-11
Let a(x) = 3*x**2 + 30*x + 4. Let b(c) = -6*c**2 - 62*c - 7. Let k(j) = 7*a(j) + 3*b(j). Let i(z) be the first derivative of k(z). What is i(-5)?
-6
Let x(t) = -37*t + 177. Let b(q) = -101*q + 353. Let c(j) = -2*b(j) + 5*x(j). What is c(-11)?
-8
Let s(o) = o**2 + 0*o + 4*o**3 - o**3 + o - 21 - 4*o**3. Suppose -5 = -200*w + 195*w. Let r be (0 + (-2 - -5 - 3))*w. Give s(r).
-21
Let s(x) = -5*x**3 + 108913*x - 108915*x - x**2 + 2*x**3 - 1. Let h(r) = r**3. Let l = 9 - 10. Let z be h(l). Calculate s(z).
3
Let j be 2/8 - (141/(-12) - -4). Let p(w) = 2*w**2 - 4*w - 6. Give p(j).
90
Let b(y) = -47*y - 419. Let i be b(-9). Let j(a) = 2 + 48*a**2 + 63*a**2 - 105*a**2 + a**3 + i*a. Suppose 0 = -5*l + l - 20. Calculate j(l).
7
Let u(l) = l - 3. Let z(p) be the second derivative of -1/20*p**5 - 16*p + 0 + 0*p**2 - 1/2*p**3 + 5/12*p**4. Let q be z(4). Determine u(q).
1
Let p(u) = u**2 - 7*u + 12. Let v be ((-1482)/18)/13 + 1/3 + 12. Calculate p(v).
6
Let x(s) be the second derivative of 0 - 7/2*s**2 - 18*s + 1/6*s**3. Calculate x(4).
-3
Let z(v) be the first derivative of -8*v**2 + 3*v + 5766. Calculate z(-1).
19
Let f(o) = 3*o - 7. Suppose -4*i - 5 = -n + 2, 3*i + 1 = 5*n. What is f(n)?
-10
Let n(z) = -9*z - z**2 + 5*z + z - 2 + 0*z**2. Let p = 27 + -14. Suppose -4*y - 3 = p. Determine n(y).
-6
Suppose 5*t - 10 - 10 = 0. Let z be (t/6)/((-2 + 1)/(-3)). Let a(m) = -z*m + m - 1 + 0*m + 0. Determine a(-1).
0
Let h(f) = 0*f**2 + f**2 + 2*f**2 + 5*f - 4. Let j(c) = -8*c + 84. Let d be j(11). Determine h(d).
24
Let q(h) = 3 - 4 + 2*h**2 - h**2 - 6*h**3. Suppose 23*j - 5*b + 58 = 19*j, -46 = 4*j + b. Let m be (-10 - (j + 3))/(-1). Give q(m).
-6
Let f(d) = -d - 4. Let h be 1/2 + (-8)/16. Let v be f(h). Let g(t) = -8*t + 19. Let n(x) = -4*x + 11. Let u(j) = 3*g(j) - 5*n(j). Determine u(v).
18
Let j(p) be the first derivative of -p**5/20 - 5*p**4/12 - p**3/2 - 2*p**2 - 200*p + 173. Let h(g) be the first derivative of j(g). Determine h(-5).
11
Let z(t) = -10 + 319*t**2 + 320*t**2 + 10156*t**3 - 648*t**2 + 8*t - 10155*t**3. Let m be ((-8)/3 + 0)*-3. What is z(m)?
-10
Let n(m) = 2*m**3 + 23*m**2 + 3*m - 76. Let k(y) = -3*y**3 - 35*y**2 - 5*y + 112. Let s(u) = -5*k(u) - 7*n(u). Determine s(-13).
89
Let a(y) = -100*y + 98*y - 7 + 3. Let q(l) = 4*l + 8. Let j(w) = 7*a(w) + 3*q(w). Determine j(-5).
6
Let x(r) = -2*r + 4. Let c(f) = -f**3 + 9*f**2 + 13. Let b be c(9). Suppose 9*q - b = 8*q. Suppose 0 = -q*m + 15*m - 6. Calculate x(m).
-2
Suppose -65*q - 2*x = -64*q - 6, 8 = 4*x. Let i(p) = 12*p**2 - 2*p + 4. Calculate i(q).
48
Let k(g) = -g**2 - 2*g + 1. Suppose -84 = 3*p + 2*t, -4*t + 6*t = -p - 24. Let q be ((-78)/65)/((-9)/p). Determine k(q).
-7
Let p(i) be the third derivative of -i**6/144 - i**5/40 + 25*i**4/24 - 75*i**2. Let o(q) be the second derivative of p(q). Determine o(-3).
12
Suppose -181*x = -180*x - 116. Let l(f) = -x - f**2 - 4*f + 107 - 7*f. Give l(-9).
9
Let u(v) = 3*v - v - 3*v**2 - 3 - 3*v - 3*v**2. Let t(f) = 5*f**2 + 2*f + 4. Let g(y) = 5*t(y) + 4*u(y). Determine g(-6).
8
Let g(q) be the third derivative of 5*q**4/24 + 43*q**3/6 + 369*q**2. Determine g(-12).
-17
Let d = -34 + 316. Let r(v) = 2*v + d - 282. Calculate r(-4).
-8
Let w(v) be the second derivative of -5/2*v**2 - 30*v + 0 + 1/3*v**3. Let s(c) = -c + 3. Let n(a) = -5*s(a) - 2*w(a). What is n(4)?
-1
Suppose -1275 = -2*h - 3*j - 2*j, 0 = h - j - 634. Let l(p) = -1 - 634*p + h*p + 9. Calculate l(-8).
0
Let s(b) be the third derivative of b**8/6720 - b**7/630 - b**5/120 - 31*b**4/24 - 59*b**2. Let l(c) be the second derivative of s(c). Give l(5).
24
Let w = 203 - 188. Suppose -w*p = 17*p - 160. Let q(g) = g**2 - 3*g - 6. Give q(p).
4
Let l(d) be the second derivative of -d**7/2520 - d**6/144 - 7*d**5/120 + 11*d**4/4 - 5*d. Let v(m) be the third derivative of l(m). Calculate v(-7).
-21
Let r(b) = 48 + b - 6*b + 0*b - 8*b + b. Give r(4).
0
Let c(v) = 1987*v**2 + 3*v + 1 - 954*v**2 - 1034*v**2. Let m(x) = -x**2 + 8*x - 9. Let n be m(6). Calculate c(n).
1
Suppose -412 